{"id":12,"date":"2013-10-24T18:21:09","date_gmt":"2013-10-24T16:21:09","guid":{"rendered":"http:\/\/www.cafe-pension-frey.de\/wp\/?page_id=12"},"modified":"2023-11-04T22:01:06","modified_gmt":"2023-11-04T20:01:06","slug":"cafe","status":"publish","type":"page","link":"https:\/\/www.cafe-pension-frey.de\/herzlich-willkommen\/cafe\/","title":{"rendered":"Caf\u00e9"},"content":{"rendered":"<h2><span style=\"color: #000000;\">Unsere Pension ist ge\u00f6ffnet,\u00a0<\/span><\/h2>\n<p><strong>das Caf\u00e9 ist bis auf weiteres geschlossen.<\/strong><\/p>\n<p>Zur St\u00e4rkung nach einem ausgedehnten Spaziergang erwartet Sie eine gro\u00dfe Auswahl an warmen und kalten Getr\u00e4nken.<\/p>\n<p>Geniesen Sie unsere selbstgemachte Kuchen und Torten sowie anderen Spezialit\u00e4ten auf unserer gro\u00dfen und sonnigen Kaffeeterrasse. An hei\u00dfen Tagen erfrischt man sich am besten mit einem leckeren Eis von unserer reichhaltigen Eiskarte.<\/p>\n\n<p style=\"text-align: center;\">Ein Genuss unsere hausgemachte<br \/>\n<strong style=\"font-size: 24px;\">Schwarzw\u00e4lder Kirschtorte<\/strong><br \/>\nnach Art des Hauses!<\/p>\n<p><img loading=\"lazy\" decoding=\"async\" class=\"size-thumbnail wp-image-105 aligncenter\" src=\"http:\/\/www.cafe-pension-frey.de\/wp\/wp-content\/uploads\/2013\/10\/IMG_3753-150x150.jpg\" alt=\"IMG_3753\" width=\"150\" height=\"150\" \/><\/p>\n<p>Unser gro\u00dfz\u00fcgiger Nebenraum ist auch f\u00fcr kleinere Gruppen geeignet.<\/p>\n<p><a href=\"http:\/\/www.cafe-pension-frey.de\/wp\/wp-content\/uploads\/2020\/08\/P1010662-scaled.jpg\"><img loading=\"lazy\" decoding=\"async\" class=\"size-thumbnail wp-image-137 aligncenter\" src=\"http:\/\/www.cafe-pension-frey.de\/wp\/wp-content\/uploads\/2020\/08\/P1010662-150x150.jpg\" alt=\"\" width=\"150\" height=\"150\" \/>\u00a0<\/a><\/p>\n","protected":false},"excerpt":{"rendered":"<p>Unsere Pension ist ge\u00f6ffnet,\u00a0 das Caf\u00e9 ist bis auf weiteres geschlossen. Zur St\u00e4rkung nach einem ausgedehnten Spaziergang erwartet Sie eine gro\u00dfe Auswahl an warmen und kalten Getr\u00e4nken. Geniesen Sie unsere selbstgemachte Kuchen und Torten sowie anderen Spezialit\u00e4ten auf unserer gro\u00dfen und sonnigen Kaffeeterrasse. An hei\u00dfen Tagen erfrischt man sich am besten mit einem leckeren Eis &hellip; <a href=\"https:\/\/www.cafe-pension-frey.de\/herzlich-willkommen\/cafe\/\" class=\"more-link\"><span class=\"screen-reader-text\">Caf\u00e9<\/span> weiterlesen <span class=\"meta-nav\">&rarr;<\/span><\/a><\/p>\n","protected":false},"author":1,"featured_media":0,"parent":0,"menu_order":2,"comment_status":"closed","ping_status":"closed","template":"","meta":{"footnotes":""},"class_list":["post-12","page","type-page","status-publish","hentry"],"_links":{"self":[{"href":"https:\/\/www.cafe-pension-frey.de\/herzlich-willkommen\/wp-json\/wp\/v2\/pages\/12","targetHints":{"allow":["GET"]}}],"collection":[{"href":"https:\/\/www.cafe-pension-frey.de\/herzlich-willkommen\/wp-json\/wp\/v2\/pages"}],"about":[{"href":"https:\/\/www.cafe-pension-frey.de\/herzlich-willkommen\/wp-json\/wp\/v2\/types\/page"}],"author":[{"embeddable":true,"href":"https:\/\/www.cafe-pension-frey.de\/herzlich-willkommen\/wp-json\/wp\/v2\/users\/1"}],"replies":[{"embeddable":true,"href":"https:\/\/www.cafe-pension-frey.de\/herzlich-willkommen\/wp-json\/wp\/v2\/comments?post=12"}],"version-history":[{"count":22,"href":"https:\/\/www.cafe-pension-frey.de\/herzlich-willkommen\/wp-json\/wp\/v2\/pages\/12\/revisions"}],"predecessor-version":[{"id":198,"href":"https:\/\/www.cafe-pension-frey.de\/herzlich-willkommen\/wp-json\/wp\/v2\/pages\/12\/revisions\/198"}],"wp:attachment":[{"href":"https:\/\/www.cafe-pension-frey.de\/herzlich-willkommen\/wp-json\/wp\/v2\/media?parent=12"}],"curies":[{"name":"wp","href":"https:\/\/api.w.org\/{rel}","templated":true}]}}