{"id":16,"date":"2013-10-24T18:21:23","date_gmt":"2013-10-24T16:21:23","guid":{"rendered":"http:\/\/www.cafe-pension-frey.de\/wp\/?page_id=16"},"modified":"2013-10-24T18:58:55","modified_gmt":"2013-10-24T16:58:55","slug":"anfahrt","status":"publish","type":"page","link":"https:\/\/www.cafe-pension-frey.de\/herzlich-willkommen\/anfahrt\/","title":{"rendered":"Anfahrt"},"content":{"rendered":"<h3>Anfahrt mit dem Auto:<\/h3>\n<p>\u00dcber die Autobahn A81 Stuttgart- Singen, Ausfahrt Horb, Richtung Freudenstadt\/Raststatt, \u00fcber Baiersbronn nach Schwarzenberg<\/p>\n<p>\u00dcber die Autobahn A5 Karlsruhe-Basel, Ausfahrt Raststatt, Richtung Freudenstadt \u00fcber Gersbach nach Schwarzenberg<\/p>\n<p><iframe loading=\"lazy\" src=\"https:\/\/maps.google.de\/maps?f=q&amp;source=s_q&amp;hl=de&amp;geocode=&amp;q=Kirchstra%C3%9Fe+19,+72270+Schwarzenberg,+Baiersbronn&amp;aq=0&amp;oq=Kirchstra%C3%9Fe+19+72270+Baiersbronn-Schwarzenberg&amp;t=h&amp;ie=UTF8&amp;hq=&amp;hnear=Kirchstra%C3%9Fe+19,+72270+Baiersbronn,+Karlsruhe,+Baden-W%C3%BCrttemberg&amp;z=14&amp;ll=48.60037,8.38625&amp;output=embed\" height=\"600\" width=\"600\" frameborder=\"0\" marginwidth=\"0\" marginheight=\"0\" scrolling=\"no\"><\/iframe><br \/>\n<small><a style=\"color: #0000ff; text-align: left;\" href=\"https:\/\/maps.google.de\/maps?f=q&amp;source=embed&amp;hl=de&amp;geocode=&amp;q=Kirchstra%C3%9Fe+19,+72270+Schwarzenberg,+Baiersbronn&amp;aq=0&amp;oq=Kirchstra%C3%9Fe+19+72270+Baiersbronn-Schwarzenberg&amp;t=h&amp;ie=UTF8&amp;hq=&amp;hnear=Kirchstra%C3%9Fe+19,+72270+Baiersbronn,+Karlsruhe,+Baden-W%C3%BCrttemberg&amp;z=14&amp;ll=48.60037,8.38625\">Gr\u00f6\u00dfere Kartenansicht<\/a><\/small><\/p>\n<h3>Anfahrt mit der Bahn:<\/h3>\n<p><a href=\"http:\/\/www.cafe-pension-frey.de\/wp\/wp-content\/uploads\/2013\/10\/S-Bahn.jpg\"><img loading=\"lazy\" decoding=\"async\" src=\"http:\/\/www.cafe-pension-frey.de\/wp\/wp-content\/uploads\/2013\/10\/S-Bahn-150x150.jpg\" alt=\"S-Bahn\" width=\"150\" height=\"150\" class=\"alignright size-thumbnail wp-image-69\" \/><\/a>Bei einer Anreise mit der Bahn holen wir Sie selbstverst\u00e4ndlich ab.<\/p>\n","protected":false},"excerpt":{"rendered":"<p>Anfahrt mit dem Auto: \u00dcber die Autobahn A81 Stuttgart- Singen, Ausfahrt Horb, Richtung Freudenstadt\/Raststatt, \u00fcber Baiersbronn nach Schwarzenberg \u00dcber die Autobahn A5 Karlsruhe-Basel, Ausfahrt Raststatt, Richtung Freudenstadt \u00fcber Gersbach nach Schwarzenberg Gr\u00f6\u00dfere Kartenansicht Anfahrt mit der Bahn: Bei einer Anreise mit der Bahn holen wir Sie selbstverst\u00e4ndlich ab.<\/p>\n","protected":false},"author":1,"featured_media":0,"parent":0,"menu_order":6,"comment_status":"closed","ping_status":"closed","template":"","meta":{"footnotes":""},"class_list":["post-16","page","type-page","status-publish","hentry"],"_links":{"self":[{"href":"https:\/\/www.cafe-pension-frey.de\/herzlich-willkommen\/wp-json\/wp\/v2\/pages\/16","targetHints":{"allow":["GET"]}}],"collection":[{"href":"https:\/\/www.cafe-pension-frey.de\/herzlich-willkommen\/wp-json\/wp\/v2\/pages"}],"about":[{"href":"https:\/\/www.cafe-pension-frey.de\/herzlich-willkommen\/wp-json\/wp\/v2\/types\/page"}],"author":[{"embeddable":true,"href":"https:\/\/www.cafe-pension-frey.de\/herzlich-willkommen\/wp-json\/wp\/v2\/users\/1"}],"replies":[{"embeddable":true,"href":"https:\/\/www.cafe-pension-frey.de\/herzlich-willkommen\/wp-json\/wp\/v2\/comments?post=16"}],"version-history":[{"count":11,"href":"https:\/\/www.cafe-pension-frey.de\/herzlich-willkommen\/wp-json\/wp\/v2\/pages\/16\/revisions"}],"predecessor-version":[{"id":73,"href":"https:\/\/www.cafe-pension-frey.de\/herzlich-willkommen\/wp-json\/wp\/v2\/pages\/16\/revisions\/73"}],"wp:attachment":[{"href":"https:\/\/www.cafe-pension-frey.de\/herzlich-willkommen\/wp-json\/wp\/v2\/media?parent=16"}],"curies":[{"name":"wp","href":"https:\/\/api.w.org\/{rel}","templated":true}]}}